posite number?
False
Is 6428909 composite?
True
Is 548396579 a prime number?
True
Is 587219 prime?
True
Is 1974263 a composite number?
False
Is 20404507 composite?
True
Is 21130402 prime?
False
Is 163141169 composite?
False
Is 1949032021 composite?
False
Is 31173837 composite?
True
Is 4487207 a prime number?
True
Is 135677027 prime?
True
Is 2438993 prime?
False
Is 2847103 a prime number?
False
Is 17453197 a composite number?
False
Is 51351931 a prime number?
True
Is 51473303 a prime number?
False
Is 11700119 composite?
False
Is 4890827 a prime number?
True
Is 602453 composite?
False
Is 959243 composite?
True
Is 14578519 a prime number?
True
Is 321640661 a composite number?
True
Is 14994679 a prime number?
False
Is 69779587 a prime number?
False
Is 3749071 composite?
False
Is 224269 composite?
True
Is 18255041 prime?
False
Is 1607081 prime?
False
Is 38793901 a composite number?
False
Is 67385953 a composite number?
True
Is 65675069 a composite number?
False
Is 14899741 a prime number?
True
Is 17442853 a composite number?
True
Is 35028871 a composite number?
True
Is 90684899 prime?
True
Is 65962031 prime?
True
Is 29804933 prime?
True
Is 57544549 a composite number?
False
Is 3665721 a composite number?
True
Is 25096991 a prime number?
False
Is 2838719 a prime number?
False
Is 14432681 prime?
True
Is 17717053 a composite number?
False
Is 774048551 a composite number?
False
Is 1313101 a composite number?
True
Is 8741179 a composite number?
True
Is 40236307 a composite number?
False
Is 5622589 composite?
True
Is 99532911 a prime number?
False
Is 173393707 a prime number?
False
Is 59882561 a prime number?
False
Is 102582299 a prime number?
True
Is 9353807 prime?
False
Is 4188203 a composite number?
False
Is 46862553 prime?
False
Is 1080427 a prime number?
False
Is 12516473 composite?
False
Is 386083 prime?
True
Is 104822309 prime?
True
Is 5949911 composite?
True
Is 1175263 a composite number?
True
Is 170773853 a composite number?
False
Is 7402649 a prime number?
True
Is 894457 prime?
False
Is 7190041 a composite number?
True
Is 6998357 a composite number?
False
Is 17783837 composite?
False
Is 13480487 prime?
False
Is 8934067 a composite number?
True
Is 140887 prime?
False
Is 731657 a composite number?
True
Is 3746909 prime?
True
Is 16801237 a composite number?
True
Is 516389743 a prime number?
True
Is 439981 a prime number?
True
Is 712627 a prime number?
False
Is 20903378 a composite number?
True
Is 17837809 composite?
True
Is 76057907 composite?
False
Is 9230357 a prime number?
True
Is 3193517 composite?
True
Is 61966433 a composite number?
False
Is 976029 a composite number?
True
Is 1649639 a composite number?
False
Is 21104203 a composite number?
False
Is 14400557 a composite number?
False
Is 984045061 a prime number?
True
Is 722147 a prime number?
True
Is 37556173 prime?
False
Is 4666777 prime?
True
Is 100649 a prime number?
True
Is 36479 composite?
False
Is 222034261 a prime number?
False
Is 208879917 a composite number?
True
Is 28907611 a composite number?
True
Is 105601 a prime number?
True
Is 830686 composite?
True
Is 177737047 a composite number?
False
Is 69943397 a composite number?
True
Is 20824571 prime?
False
Is 141076237 prime?
True
Is 1557593 composite?
False
Is 2105333 prime?
False
Is 1092419 a composite number?
False
Is 6891823 a composite number?
False
Is 330574679 prime?
False
Is 832771 composite?
False
Is 332863 a prime number?
False
Is 12076595 composite?
True
Is 2613379 a prime number?
False
Is 160932985 prime?
False
Is 6208945 composite?
True
Is 16293457 a prime number?
False
Is 10296311 composite?
False
Is 7730243 a prime number?
True
Is 95276341 a prime number?
False
Is 9228959 prime?
True
Is 872731 prime?
True
Is 17984407 a prime number?
False
Is 202898006 prime?
False
Is 11954123 a composite number?
False
Is 9883607 composite?
True
Is 20239 composite?
True
Is 9419981 a prime number?
False
Is 2494693 a prime number?
True
Is 996641 a composite number?
True
Is 2929501 a composite number?
False
Is 29201269 a prime number?
False
Is 574121897 a composite number?
True
Is 1528591 prime?
False
Is 209389571 a composite number?
False
Is 22612129 composite?
False
Is 64183201 a prime number?
False
Is 17151443 a composite number?
True
Is 15876961 prime?
True
Is 896947 composite?
False
Is 294521 prime?
False
Is 2846161 prime?
True
Is 6787343 a composite number?
False
Is 3016049 composite?
False
Is 154171183 a prime number?
True
Is 27990829 a composite number?
True
Is 9118691 composite?
False
Is 1217089 a prime number?
True
Is 89251 composite?
True
Is 291997163 a composite number?
True
Is 8430441 composite?
True
Is 20408333 a prime number?
False
Is 975721037 composite?
True
Is 24384203 composite?
False
Is 3701122 a prime number?
False
Is 4635773 prime?
True
Is 454409 prime?
True
Is 33888031 a composite number?
False
Is 89985287 a prime number?
False
Is 116439109 a composite number?
False
Is 28686509 a prime number?
False
Is 2626805 prime?
False
Is 1963995367 prime?
True
Is 3646711 a prime number?
True
Is 7674767 composite?
False
Is 629231 prime?
False
Is 137304379 a composite number?
True
Is 2069905 prime?
False
Is 6444997 a composite number?
True
Is 87923321 a prime number?
True
Is 104275285 prime?
False
Is 34727437 prime?
False
Is 15245837 prime?
True
Is 498963293 a composite number?
False
Is 29702129 prime?
True
Is 1832851 composite?
False
Is 53045327 composite?
False
Is 2266403 prime?
True
Is 3729437 composite?
False
Is 308039357 a composite number?
False
Is 18508973 a prime number?
False
Is 18318017 a composite number?
True
Is 58162777 prime?
False
Is 16237003 a composite number?
True
Is 10828261 prime?
True
Is 304278202 composite?
True
Is 5180033 prime?
False
Is 31600813 composite?
True
Is 165464933 a composite number?
False
Is 22534865 prime?
False
Is 7470611 composite?
False
Is 1211407 composite?
False
Is 23222461 a composite number?
False
Is 195013393 composite?
True
Is 9976061 a composite number?
False
Is 301704289 a prime number?
False
Is 22174613 composite?
True
Is 477149 a prime number?
True
Is 2554327 a prime number?
False
Is 10505731 prime?
True
Is 35578633 composite?
False
Is 537252899 composite?
False
Is 165634171 prime?
True
Is 21538973 a prime number?
True
Is 1865251 a prime number?
False
Is 7885427 composite?
True
Is 5036503 a composite number?
False
Is 830630621 composite?
True
Is 145445329 a prime number?
True
Is 28087489 prime?
False
Is 3292433 a composite number?
False
Is 4629283 a prime number?
True
Is 5268322 prime?
False
Is 796893743 prime?
False
Is 31353145 a prime number?
False
Is 20282543 composite?
False
Is 60781729 a composite number?
False
Is 44005701 composite?
True
Is 4129031 prime?
True
Is 564781265 a composite number?
True
Is 22698691 composite?
False
Is 219617 a prime number?
False
Is 3744833 a prime number?
False
Is 5905769 composite?
False
Is 80148193 composite?
False
Is 3910763 a composite number?
False
Is 39162143 a composite number?
False
Is 119869 composite?
False
Is 11318389 a prime number?
True
Is 32821133 prime?
False
Is 4632242 composite?
True
Is 38147 prime?
False
Is 6436793 prime?
False
Is 857201 prime?
True
Is 14700239 composite?
True
Is 375439787 composite?
True
Is 5229937 a prime number?
False
Is 129169 composite?
False
Is 322321 a prime number?
False
Is 226493321 prime?
True
Is 711121 a prime number?
True
Is 829481447 a prime number?
True
Is 5910439 a composite number?
True
Is 7859981 a prime number?
True
Is 90035773 a prime number?
True
Is 27134017 a prime number?
True
Is 11134933 a composite number?
False
Is 23191237 a prime number?
True
Is 3235027 prime?
True
Is 2990587 a composite number?
False
Is 17590679 a prime number?
True
Is 2174389 prime?
False
Is 6634307 composite?
False
Is 438605879 composite?
False
Is 345041 a composite number?
False
Is 29940503 a prime number?
False
Is 11738317 prime?
True
Is 269025683 prime?
True
Is 5160262 a prime number?
False
Is 33285281 a composite number?
True
Is 74704169 prime?
True
Is 1304403671 prime?
True
Is 934001 composite?
False
Is 5088089 a composite number?
False
Is 58714987 composite?
False
Is 5944123 prime?
False
Is 4776071 a prime number?
False
Is 2599321 composite?
False
Is 165980491 a prime number?
False
Is 18081389 a composite num